w**2 + 3 - w + 5*w**2 + 14*w + w**3 - 2*w**2. What is the units digit of b(-13)?
3
Suppose -600 = -6*b - 0*b. What is the tens digit of b?
0
Suppose 0 = -3*u - 4*m - 11, -17 = -4*u - 0*m + m. Let g(y) = y - 9. Let h be g(u). What is the units digit of ((-10)/h)/((-1)/(-6))?
0
Let d be (-2)/(4/(-690)) + -3. Let t = -218 + d. What is the units digit of t?
4
Let p = 18 + -8. Suppose -4*y + 70 = p. What is the tens digit of y?
1
Let p = 1397 - 530. What is the hundreds digit of p?
8
Let g(r) = -127*r - 69. What is the tens digit of g(-2)?
8
Suppose 2517 = 4*v - 203. What is the hundreds digit of v?
6
What is the tens digit of 4 - ((-12360)/5)/6?
1
Let y(n) = -n**2 - 32*n + 23. What is the hundreds digit of y(-18)?
2
Let k be 0 - 2 - 26/(-1). What is the units digit of k/(-60) + (584/(-5))/(-2)?
8
Let r(o) = 5*o**2 - 11*o + 2. Let u be (3 - 6/(-4))/((-9)/(-12)). What is the hundreds digit of r(u)?
1
Suppose 5*j - 29 = -4*z, 3*j - 18 + 4 = z. Suppose -2*p - j*o + 4 = 0, 4*p - 68 = -0*o + 5*o. What is the units digit of 7/(-1*(-3)/p)?
8
Suppose -f = -0*f - 8. Let a = f - -23. Suppose 3*t - 4*y = 44, -2*y + 139 - a = 5*t. What is the tens digit of t?
2
Suppose -4*a + 2*k = -144, -5*a - 2*k + 180 = -0*a. Suppose l - 4*g = a, 3*g - g = -8. Suppose 0 = l*m - 18*m - 28. What is the units digit of m?
4
What is the hundreds digit of ((-4)/(-3))/(18/3321)?
2
Let t(q) = q**3 - q**2 - 6. Let o be t(0). Let c(k) = -2*k - 10. Let x be c(o). What is the units digit of 38*x/2 + -3?
5
Let x(p) = -p**3 + 28*p**2 - 16*p + 16. What is the hundreds digit of x(26)?
9
Let k = -96 + 844. What is the units digit of k?
8
Suppose 3*k = 0, -5*k + 3*k = u + 2. Let n = 27 - u. What is the tens digit of n?
2
Suppose -5*r = t - 89, r + 2*t = 31 - 6. Suppose -4*j - r = -c, 3*j = -c + 6*c - 17. What is the tens digit of (3 - -16 - 2)/c?
1
Suppose 0 = -5*d + 2656 + 539. What is the tens digit of d?
3
Suppose -224*m + 222*m = -228. What is the tens digit of m?
1
Let p(n) = 2*n**3 + 15*n**2 + 3*n - 9. What is the tens digit of p(-7)?
1
Let z(o) = -o**3 + 2*o**2 - 5*o - 3. Let f be z(4). Let c = -111 - f. Let k = c - -131. What is the units digit of k?
5
Let b(h) be the first derivative of -h**5/30 - h**4/6 - 2*h**3 + 1. Let d(o) be the third derivative of b(o). What is the units digit of d(-6)?
0
Let f = 4954 + -3123. What is the tens digit of f?
3
Let d be (-3)/3*(-1 + -203 + 3). Suppose -4*r = -5*f + 510, 2*f + 4*r - d = 5*r. What is the units digit of f?
8
Let c(f) = -f - 3. Let w(l) = 5*l + 16. Let n(d) = -11*c(d) - 2*w(d). Let h be n(2). Suppose 4*u - h*u = 23. What is the tens digit of u?
2
What is the units digit of (44/(-10) - -4)/(2/(-1795))?
9
Let h(g) = -72*g + 28. What is the units digit of h(-9)?
6
Suppose -3*q - 4*y = -0*q - 184, -124 = -2*q - 3*y. Suppose q*d - 1620 = 51*d. What is the tens digit of d?
2
Suppose -3*z = -6*a + 2*a - 9, 3*z - 2*a = 9. Let i = z - 6. What is the units digit of 1*(1 - (-3 - i))?
1
Suppose -p + 13 = -x - 2*x, -p = -1. Let o = 12 - x. What is the units digit of o?
6
Suppose 0 = 3*j - 5*u - 938, 3*j + u = 712 + 202. Let q = -45 + 31. What is the tens digit of (-8)/(-56) - j/q?
2
What is the hundreds digit of 171*1 - (23 - 13)?
1
Suppose 0 = 4*d + u - 1166, -5*d = -u - 3*u - 1468. What is the units digit of d?
2
Let f(v) = v**3 - 14*v**2 - 15*v - 2. Let z be f(15). Let s(p) = -9*p. What is the units digit of s(z)?
8
Let o = 10 - 7. Suppose -z + 84 = -2*l, 0 = -2*z - o*z - 3*l + 407. What is the units digit of z?
2
Let b(i) = -11*i + 3258 + i**3 + 9*i**2 - 2*i - 3271. Suppose 3*u + 10 = 2*u. What is the units digit of b(u)?
7
Let k(p) = 4*p + 31 - 5*p - 9 + 31. What is the tens digit of k(16)?
3
Suppose 5*q = 139 + 1. Let f = q + 36. What is the units digit of f?
4
Suppose 3*l = 2*y, 3*y + 1 = 5*l - 0. Suppose -l*i - 1 = 7. Let q = -1 - i. What is the units digit of q?
3
What is the hundreds digit of (-22754)/(-7) + 24/(-42)?
2
Suppose 0 = -5*v - 2 + 102. Let t be 2/10 + 36/v. Suppose 0 = -t*b - 2*g + 80, 3*b + 0*g = g + 100. What is the units digit of b?
5
Suppose -j + 21 = 4*s, 0*j + 3*j = 5*s - 22. Suppose s*q + 5*i = 370, 3*i + 8 = i. What is the units digit of q?
8
Let s be (0 - 0) + 0 + -10. Let n = 12 + s. Suppose -4*m = -2*a - 206, -3 = n*a - a. What is the units digit of m?
0
Suppose 275 = -6*p + 1097. Let o = p + -58. What is the tens digit of o?
7
Suppose 2*p + 19 - 21 = 0, 5*j + p = 9746. What is the units digit of j?
9
Suppose 120 = -0*h + 2*h. Let g = h + -36. What is the units digit of g?
4
Let j be 3*((-687)/(-9) + -3). Suppose 105 = f - 2*t + t, 2*f + 3*t - j = 0. What is the tens digit of f?
0
Suppose -4*j + 62 = 5*n, -4*n - j + 46 = 4*j. Let l(w) = -9 + n*w - 18*w**2 + 26*w**2 - 2 + 0*w - w**3. What is the tens digit of l(9)?
3
Suppose 2*b = 24 - 66. Let t = -16 - b. What is the units digit of t?
5
Suppose 8*o - 15 - 17 = 0. What is the tens digit of 190 + (1 - 20/o)?
8
Suppose -4*r - 17 - 7 = 0. Let p = r - -9. Suppose -4*i - 42 = -p*u, 3*i - 21 = -2*u - u. What is the units digit of u?
0
What is the tens digit of (-7)/((-798)/(-267) + -3)?
2
Let h be 374/8 + (-18)/24. Suppose 4*s - h = -2*u, -u - 5*s + 4*s + 24 = 0. What is the tens digit of u?
2
Suppose -2*n - 2*o = -o - 3, 3*n = 5*o + 11. Suppose 15 = -n*u + 203. What is the tens digit of u?
9
Let k be (-576)/(9/(-3)) - -2. Let v = -109 + k. What is the tens digit of v?
8
Let a(w) be the second derivative of w**4/6 + 10*w**3/3 + 7*w**2 + 19*w. What is the units digit of a(-14)?
6
Suppose -4*k = -3*p - 36, 5*k = -5*p + 2 + 8. Let x be k/(-8)*(-16)/6. What is the units digit of x/4*(25 + -5)?
0
Let d be 2/9 + (-8672)/(-18). Suppose -d = -3*g - 29. What is the tens digit of g?
5
Let n(c) = 2*c**3 + c**2 + c + 2. Let y(v) = 0*v + 3*v**3 - 2*v + 1 + 3*v. Let p(l) = -4*n(l) + 3*y(l). What is the tens digit of p(5)?
1
Let k(c) = -127*c - 27. What is the tens digit of k(-11)?
7
Let j(c) = -4*c + 10. Suppose -3*t = 3*h + 105, -5*t + 4*h = -t + 100. Let s = -39 - t. What is the units digit of j(s)?
6
Suppose -5*l + 0*l = 0. Suppose 0 = 5*k + 4*a - 494, 2*a + 2*a - 4 = l. What is the units digit of k?
8
Suppose 0 = r - 0*r - 5*z + 102, 3*r + 360 = -3*z. Let y = r - -403. What is the hundreds digit of y?
2
Let o = -102 + 72. Let i = o + 98. What is the units digit of i?
8
Let u = -47 - -23. Let r = u - -27. What is the units digit of 3/r + -5 - -57?
3
Let k = 546 - -2924. What is the thousands digit of k?
3
Let d = 224 + -29. Suppose 0 = 2*f + 3*f - d. Suppose 3*q - f = -12. What is the units digit of q?
9
What is the thousands digit of -730*((-36)/8 + 0)?
3
Let v be (3 - 0)/(12/8). Suppose -4*r + 4*c = -268, -3*c = -v*r + 2*c + 122. What is the tens digit of r?
7
Suppose 0 = z + 2*h - 854, -4*z = 3*h - 1332 - 2099. What is the tens digit of z?
6
Suppose 0 = -2*x + 12 - 2. Suppose -x*q = -0*q - 140. Suppose -q - 26 = -2*k. What is the units digit of k?
7
Let h be 69 - -1*(-1 + 1). Suppose -15*i + h = -12*i. What is the tens digit of i?
2
Let q be (-20)/(-130) - (-1 - 37/13). What is the units digit of (-4)/(-2)*2/(q/177)?
7
Let m = -14 + 8. Let h(q) = -2*q - 8. Let g be h(m). Suppose 4*b = g*j + 5*b - 24, b = j - 6. What is the units digit of j?
6
What is the thousands digit of (3/(-6))/((-11)/99418)?
4
Let r(h) = -17*h + 137. What is the units digit of r(-13)?
8
Suppose 0 = -4*x + x - 6. What is the tens digit of 0 - (x - -1) - (-27)/1?
2
Let z(y) = y**3 + 9*y**2 + 8*y - 19. Let i be z(-8). Let q(j) = -14*j - 38. What is the tens digit of q(i)?
2
Suppose l - 1042 = -5*b, l - 3*l + 2058 = -3*b. What is the tens digit of l?
3
Let b(o) = 5 - 2 - 2*o**2 - 2 + o. Let l be b(-2). Let d = l + 21. What is the tens digit of d?
1
Suppose 0 = -2*z - 91 - 9. Let q = -3 - z. What is the units digit of q?
7
Let k(f) = -f**3 - 16*f**2 + 7*f - 40. What is the units digit of k(-17)?
0
Let n(y) = -6*y - 21. Let w be n(-4). Suppose -w*j = 5*j - 1112. What is the units digit of j?
9
Let n(p) = 111*p**2 + 17*p + 52. What is the units digit of n(-5)?
2
Let u = 71 - 69. Suppose 0 = x - 1, u*x - 605 + 123 = -5*h. What is the units digit of h?
6
Suppose 4*f = -3*q + 249, q = 5*f - 2*q - 318. Let c(d) = -d**2 + d + 9. Let x be c(0). Let l = f - x. What is the units digit of l?
4
Let h = 2 + 2. Suppose 2*